-3)?
2
Suppose 4*m - 11372 = -4*s, 63*s - 65*s = -3*m + 8514. What is the remainder when m is divided by 58?
56
Suppose -10 = 2*x, 19*x + 286 = 4*t + 21*x. Suppose -3*p + 16 = -7*p. Calculate the remainder when t is divided by p/(-18) + 338/18.
17
Let k = 85 + -51. Let v = -117 + 122. Suppose v*c = -20*c + 225. What is the remainder when k is divided by c?
7
Let n = -23 + 36. Let c = -916 - -980. What is the remainder when c is divided by n?
12
Let m(w) = -w**3 + 22*w**2 - 30*w + 71. What is the remainder when m(9) is divided by 413?
28
Let t = -10890 + 10934. Calculate the remainder when 1359 is divided by t.
39
Let s = 11877 - 11728. What is the remainder when 528 is divided by s?
81
Suppose -19*a + 32*a = 23*a - 6530. Calculate the remainder when a is divided by 23.
9
Suppose 6*b = 635 - 275. Calculate the remainder when 188 is divided by b.
8
Suppose 2*d + 5*k = -338 - 163, 3*d - 4*k = -694. Let a = d + 274. What is the remainder when a is divided by 6?
0
Let d = 4306 + -4069. What is the remainder when 282 is divided by d?
45
Let q = -1402107 + 1402162. Let b = 343 - 233. Calculate the remainder when b is divided by q.
0
Suppose 5*t - 326 - 52 = -3*j, -2*j + 236 = -2*t. Calculate the remainder when 11855 is divided by j.
118
Suppose 84*d = 12647 + 5665. Calculate the remainder when d is divided by 56.
50
Let v be (9/6*-17)/((-1)/18). Suppose -26*m = 17 - v. What is the remainder when 31 is divided by m?
14
Let f(t) = t**3 - 183*t**2 + 190*t - 224. Calculate the remainder when 1232 is divided by f(182).
0
Let x(t) = -8*t - 160. Suppose 0 = 37*h - 42*h + 135. Calculate the remainder when x(-24) is divided by h.
5
What is the remainder when 5613 is divided by 133 - -27 - (-4)/6*-6?
153
Suppose 3*m + k = 14, 5*m = -k - 3*k + 14. Suppose -111 = -m*u - 3. Calculate the remainder when 49 is divided by u.
13
Suppose -4*q + 840 = -9*q. Let x(d) = -d**2 + 12*d + 18. Calculate the remainder when q/(-5) + 2/5 is divided by x(12).
16
Suppose 4*n - 82 = 3*x, 57*n - 55*n + x = 46. Let h(t) = -t**2 + 5*t - 1. Let g be h(-5). Let w = 14 - g. Calculate the remainder when w is divided by n.
21
Let d = 20704 - 20122. What is the remainder when d is divided by 15?
12
Let z(j) = 10*j - 3. Let q be z(2). Suppose -12*s + q*s = -80. Let u = 27 + s. Calculate the remainder when 31 is divided by u.
9
Let n = -38 + 76. Suppose 134 = 5*y - i + 2*i, 3*i - n = -y. What is the remainder when 91 is divided by y?
13
Suppose 8*h - 11*h - 54 = 0. Let o = 22 + h. Suppose -i - 51 = -o*z, -4*i = 2*z - 54 + 6. What is the remainder when 50 is divided by z?
8
What is the remainder when 2*(-3435)/(-60)*10 is divided by 128?
121
Let b = -32 - 25. Let m = b - -64. Suppose -m = -a - 3. What is the remainder when 31 is divided by a?
3
Let m be (-470492)/(-176) + 6/8. Suppose 14*o - m + 504 = 0. What is the remainder when o is divided by 27?
20
Suppose -18 = 3*f - 132. Let i(w) = w**3 + 7*w**2 + 37*w + 154. What is the remainder when f is divided by i(-5)?
0
Let h(u) = u**2 - 14*u - 30. Let v be h(-3). Suppose w + 4 - 28 = 2*m, w = -m + v. Calculate the remainder when 51 is divided by w.
7
Suppose r = -5*m + 1274, 3*m + r - 496 - 270 = 0. What is the remainder when m is divided by 11?
1
Let z(k) = -k**3 - 4*k**2 + 3*k. Let l be z(1). Let p = -6 - -24. What is the remainder when p is divided by (-2*8/48)/(l/66)?
7
Calculate the remainder when 6714 is divided by (-4)/(-7) - (-79488)/2898.
22
Let u(v) = -279*v + 29. Let b be u(-6). Suppose 4*z + 22 = o, 9*o + z = 4*o + 68. Calculate the remainder when b/65 + (3/(-15) - 0) is divided by o.
12
Suppose -4*z + 4 + 21 = -y, 0 = -2*z - 2*y. Suppose 2*q + z*c - 172 = 67, -2*c = -10. What is the remainder when q is divided by 9?
8
Let r be (22/(-5))/((-21)/(-105)). Let w = 81 + r. What is the remainder when 175 is divided by w?
57
Suppose 172*n - 4480 = 156*n. Let c = 26 + -7. Suppose n = c*g + g. What is the remainder when g is divided by 13?
1
What is the remainder when 1390 is divided by ((-46)/(-8))/((-54)/(-648))?
10
Suppose 2*w = 2*a - 1904, 0 = 4*a - w + 1923 - 5716. Calculate the remainder when a is divided by 20.
7
Let w(j) = -j**3 - 21*j**2 - 36*j + 42. Let u be w(-19). Suppose 0*a = -4*a + u*p + 132, 102 = 3*a - 2*p. What is the remainder when 140 is divided by a?
32
Suppose -84*h = -136*h + 5044. What is the remainder when 8632 is divided by h?
96
Let p(j) = -5*j**3 - 894*j**2 + 176*j - 504. What is the remainder when (122/(-3))/(2/(-3)) is divided by p(-179)?
28
Suppose -20*q + 823 = -557. Suppose 14*s = q + 43. Calculate the remainder when 35 is divided by s.
3
Suppose -16220 + 740 = -547*o - 1805. Suppose 19 = -5*z + 2*n, 3*z + n = 2*n - 12. Let w = z - -12. Calculate the remainder when o is divided by w.
4
Let p(k) be the third derivative of -k**6/120 + k**5/5 + 17*k**4/12 + 5*k**3/3 + k**2 - 39*k. What is the remainder when p(14) is divided by 32?
30
Suppose 0 = 2*t - 22 - 36. Suppose -3*w = -5*v + 52, -13*w = 3*v - 17*w - t. What is the remainder when 63 is divided by v?
8
Let c(w) = w**3 - 64*w**2 + 676*w. Calculate the remainder when 1350 is divided by c(13).
167
Let o(p) = -p**2 + 24*p + 15. Let i be o(15). Suppose -9*u + 84 = -i. Calculate the remainder when 88 is divided by u.
10
Let y = 358 + -353. Suppose m + y*v + 4 = 0, 3 = m - 2*v - 0. Calculate the remainder when 12 is divided by m.
0
Let f = 31 + -36. Let h(j) = j**2 - 6*j - 16. Calculate the remainder when 90 is divided by h(f).
12
Suppose d - 37 = 3*y, 5*d - d + 4*y - 84 = 0. Let o = -20783 - -20801. What is the remainder when d is divided by o?
7
Calculate the remainder when (-358053)/(-639) - (-16)/(-3) is divided by 134.
19
Let h = 56 - 55. Let r be h*24 + 0*(-2)/8. Let y = r + -10. What is the remainder when 68 is divided by y?
12
Suppose 2*c - 14*c = -24. Suppose n - 3*f = -3*n + 155, -c*f + 112 = 3*n. Calculate the remainder when 149 is divided by n.
35
Suppose 27*q + 52*q = 474. Suppose 0 = -5*n - 276 + 741. What is the remainder when n is divided by q?
3
Let c(d) = -14 + 45*d**2 - 20*d**2 - 23*d**2. Calculate the remainder when 214 is divided by c(4).
16
Let a(f) = -f**3 + 20*f**2 + f - 18. Let k be a(20). Suppose 4*w - n = -k*n, 4*w + 2*n = 0. Calculate the remainder when -92*(15/(-20) - w) is divided by 37.
32
What is the remainder when 2621 is divided by 10/(-475)*5 + 401/19 + 0?
17
Suppose -1476 = -7*m + 456. Let s = m - 242. What is the remainder when s is divided by 19?
15
Suppose 4*w = -10*i + 6*i + 116, 2*i = -5*w + 133. Suppose 0 = -2*v + v + a + w, -3*v = 4*a - 68. Calculate the remainder when 43*1 - (0 + -1) is divided by v.
20
Let b be (-378)/(-84)*(-4)/18. Suppose 0*g = 5*s + g - 55, -s + 11 = -3*g. Calculate the remainder when (-26)/b + (-105)/(-35) is divided by s.
7
Suppose -l + 2*l = 3*l. Let m(y) = -y**3 + 2*y**2 + y + 201. Calculate the remainder when m(l) is divided by 69.
63
Let k = 7 + 43. Suppose -9*m - m + k = 0. Let d(z) = -z**3 + 9*z**2 + z + 12. Calculate the remainder when d(m) is divided by 30.
27
Let o(r) = r**2 - 31*r + 105. Let g be o(30). Suppose 7*q - 65 = g. Calculate the remainder when 72 is divided by q.
12
Let f = 861 - 1209. Let l = f + 365. Calculate the remainder when l is divided by (-2 - -3) + 0 - -2.
2
Let x(v) = 2*v**3 + 32*v**2 - 17*v - 38. Calculate the remainder when 3977 is divided by x(-16).
233
Let n(k) = -k**3 - 9*k**2 + k + 18. Let y be n(-9). Suppose 33 + 48 = y*u. What is the remainder when 4/10 + (-203)/(-5) is divided by u?
5
Suppose 4*j - 320 = 2*k, -j + 5*k + 82 = 2. Let p = j + -37. What is the remainder when p is divided by 12?
7
Suppose 0 = 9*y + 2040 + 2991. Let p = -279 - y. What is the remainder when p is divided by 22?
16
Suppose -16*j - 19*j + 20*j = -18300. What is the remainder when j is divided by 51?
47
Let k = 277 - 360. Let o = 127 + k. What is the remainder when 77 is divided by o?
33
Let r(o) = o + 15. Let m be r(-10). Suppose -4*t - p + 56 = 0, m*t - 2*p + 3*p - 71 = 0. What is the remainder when t is divided by 9?
6
Let b(i) = -359*i + 1903. Calculate the remainder when 1298 is divided by b(5).
2
Suppose 8 = f, -2*w + 386*f - 385*f + 362 = 0. Calculate the remainder when 559 is divided by w.
4
Suppose 29*d + 40*d - 6413 = 16*d. What is the remainder when 1207 is divided by d?